 = 3*l + 57. What is the tens digit of g?
1
What is the units digit of (-3)/(-5) - ((-21224)/5)/7?
7
Suppose 3*k + 2*m - 258 = -0*k, -5*k - 5*m = -430. What is the tens digit of k?
8
Let g(y) = -23*y**3 - y**2 + 6*y - 9. Let h(t) = -12*t**3 + 3*t - 4. Let r(l) = 2*g(l) - 5*h(l). What is the tens digit of r(2)?
0
Suppose 4*w - 42 = 3*w. Let j = w + -37. What is the units digit of j?
5
Let s = 7 - 19. Let q(p) = -p**3 + 15*p + 24. Let x be q(-4). Let d = s + x. What is the tens digit of d?
1
Let a be 45/(-10)*10/(-3). Let h(w) = -w**3 + 14*w**2 + 15*w + 2. Let y be h(a). What is the tens digit of (y + -1)*(19 - -20)?
3
Suppose 5*f - 3*f + 2*w - 10 = 0, -w = -5*f + 7. Suppose -5*x - 35 = f*h + 3*h, -2*h - 5*x = 2. What is the units digit of h*(-2 + 1 + 0)?
1
Let r be -4*(402/(-14) + 14/(-49)). Let y be 4/10 - 39/(-15). Suppose 2*n = 4*a - r, 8 - 108 = -y*a - 5*n. What is the units digit of a?
0
Suppose 0 = -2*z + 5*x + 1750, 147*z - 152*z - 3*x = -4375. What is the hundreds digit of z?
8
Let p = 762 - -1182. What is the hundreds digit of p?
9
Suppose 24*j - 1665 = 21*j. Suppose h + j = 3*a - 4*h, 2*a + h - 357 = 0. What is the tens digit of a?
8
Suppose 5*g - 11 - 11 = 2*n, -3*n = 3*g + 33. Let i(k) = -k**3 - 11*k**2 - 16*k - 2. What is the units digit of i(n)?
4
Let g(t) = 2*t**2 + 4*t - 63. What is the tens digit of g(14)?
8
What is the tens digit of 14/(2 - 0) - -701?
0
Let t = 77 - 52. Let v = 2 + t. What is the units digit of v?
7
Let k be 1/((-2)/(-4)) - 2. Suppose -460 = -5*w - k*w. What is the units digit of w?
2
What is the tens digit of ((-24)/(-4))/(6/324)?
2
Suppose c + 4*l = 78, -270 = -4*c - 0*c + 5*l. Let f be 145/35 + 4/(-28). Suppose -f*x - c = -6*x. What is the units digit of x?
5
Suppose n = 2*w - 10, -5*w = 3*n + 12 + 18. Let s = 18 + n. Suppose u + 0*u + 20 = r, 0 = 4*u + s. What is the units digit of r?
8
Let w = 9306 + -6249. What is the hundreds digit of w?
0
Let z(x) = -x + 0*x - 14 - 3*x - 7*x. What is the tens digit of z(-9)?
8
Let r(w) = 3*w + 4*w - 9*w**2 + w**3 - 2 - w. Suppose -f - 3*f + 36 = 0. What is the units digit of r(f)?
2
Let w(o) = -537*o**3 + o**2 + 12*o + 11. What is the units digit of w(-1)?
7
Let i(u) = -u**2 + u - 12. Let l be i(0). Let o = l - -16. Suppose -h - o*k = -29, 4*h = 5*k - 2*k + 135. What is the tens digit of h?
3
Suppose 18260 = -8*v + 30*v. What is the tens digit of v?
3
Let l(t) = -3 - 1 - 3 - 9*t + 11*t. Let i be l(6). Suppose 2*o - o = -4*h + 5, 0 = -3*o - i*h + 22. What is the units digit of o?
9
Suppose -2730 = 51*x - 19662. What is the tens digit of x?
3
Suppose 4*p + 6 = -2*o, -3*o + p + 4 = -8. Suppose 2*h - o*a = -3, -5*a = -8 - 7. Suppose -h*w + 6 = -3. What is the units digit of w?
3
Suppose -38*z = -34*z + 5*g - 191, -3*z - g = -157. What is the units digit of z?
4
Suppose -110 = -4*d + 3*t + 191, -157 = -2*d - 5*t. Suppose -4*w = -11 - 5. Suppose w*h + 24 = d. What is the units digit of h?
3
Suppose 4*k + n - 29 = 3*k, 5*k = 3*n + 161. Let j = 19 + k. What is the tens digit of j?
5
Suppose -8*b + 12 = -12. Suppose p - 92 = -2*i, 5*p - b*p = i - 41. What is the tens digit of i?
4
Suppose s + 0*s = 14. Let v(q) = 4*q - 29. What is the units digit of v(s)?
7
Let u = 124 - -109. What is the hundreds digit of u?
2
Let a(w) = 183*w - 22. What is the tens digit of a(11)?
9
Let d = 11736 + -8102. What is the thousands digit of d?
3
Suppose 4*y + 8479 = 3*i, 3*i = 5*y + 6*i + 10592. What is the tens digit of 2/8 - y/52?
4
Let m = 25 - -89. Suppose 3*l - l = m. Suppose l = c - q, -q - 169 = -3*c - 0*q. What is the tens digit of c?
5
Suppose 13 = -4*h + 5*v, 4*v = -0*h + 4*h + 8. Suppose p = -5*l - 5, p = -0*p - h*l - 1. What is the units digit of p?
5
Let t = 5682 + -2276. What is the hundreds digit of t?
4
Let x(q) = 12*q**2 + 13*q + 8. Let i(o) = 13*o**2 + 14*o + 7. Let g(y) = -4*i(y) + 5*x(y). What is the units digit of g(-6)?
6
Suppose -29*v = -25*v - 6964. What is the units digit of v?
1
What is the tens digit of 171 + -6 + (-55)/(-5)?
7
Suppose 0*i + 5*i - 15 = 0, 10068 = 5*d + i. What is the hundreds digit of d?
0
Let r be 39/26 + (-6)/4 + -2. What is the units digit of r - 0/(-2) - (13 + -179)?
4
Suppose 5*f - 4*a + 368 = 0, 0 = 3*a + 2*a - 10. Suppose -2*t = -t + 119. Let d = f - t. What is the units digit of d?
7
What is the tens digit of (-6)/((18/152)/(-9) - 0)?
5
Let f = -1245 - -2972. What is the thousands digit of f?
1
Let j be 3/(6/(-27) - (-186)/594). Suppose -5*h + i = -203, h - 1 = -2*i + j. What is the tens digit of h?
4
Let d = -18 - -18. Suppose -2*v = -5*i - 31 + 157, 2*v + 6 = d. Let m = 18 + i. What is the tens digit of m?
4
Let q(p) = 733*p**3 + p**2 - 2*p. Let j be q(1). Let l = -523 + j. What is the tens digit of l?
0
Let k(x) = -29*x + 3. Let f(c) = -c**2 + 8*c - 11. Let o be f(6). Let i be k(o). Let h = 31 + i. What is the units digit of h?
5
Suppose -3*a - 1788 = -5*o, -7*a - 385 = 5*o - 2163. What is the tens digit of o?
5
Suppose l + 8 = 4*u - 6*u, 0 = 4*u - 5*l + 16. What is the hundreds digit of (-726)/(-9)*(-12)/(-8) - u?
1
Suppose -5*k = 4*j + 776, 0*j + 4*k - 613 = 3*j. Let d = 297 + j. Let z = d + -45. What is the units digit of z?
3
Let p be 21/12 + 1/4. Suppose -p*q + 27 = -71. What is the tens digit of q?
4
Suppose 8*c - 3*c = 65. Let a(m) = m**2 - 10*m - 7. What is the tens digit of a(c)?
3
Let u be (-176)/(-18) + (-312)/54 + 6. Suppose 82 = r - u. What is the tens digit of r?
9
Suppose -5*y + 109 = -4*b + 6, 2*y - 42 = 2*b. Suppose y = -v - 4*z, -4*v + 6*z = 5*z - 9. What is the units digit of v?
1
Suppose 8*s - 32 = 16. What is the hundreds digit of -13*(-6)/s*(9 + 1)?
1
What is the hundreds digit of (-11)/((-132)/11948) - (-4)/(-6)?
9
Suppose l - 6 = -2*l. Suppose -114 = -3*s - 4*n, -4*s - l*n + 121 = -7*n. What is the units digit of s?
4
Let c be (2/4 - (-6)/(-4))*-179. Let s = -81 + c. What is the tens digit of s?
9
Let o(f) = f - 1. Let w(a) = -4*a + 9. Let v(j) = -5*o(j) - w(j). Let d be v(-7). Let b = d - -14. What is the tens digit of b?
1
Let g = -17 - -19. Suppose -l = -3*w - 285, -9 = -g*w - w. Suppose -4*h + 5*b = -h - 186, 0 = -5*h + 3*b + l. What is the units digit of h?
7
Let b be 4/(-22) + (-1003)/(-11). Let c = b - 27. What is the units digit of c?
4
Suppose -4*n + 12 = -0. Suppose 4*v = n*v + 20. Suppose h = 4*a + 8 - 48, -2*a + v = -h. What is the units digit of a?
0
Suppose 0 = 2*j - 6 - 12. Suppose 0 = 4*b - 9*b + 15. Let o = b + j. What is the units digit of o?
2
What is the hundreds digit of -3 - (-5 + 12 - 302)?
2
Suppose -30*w + 27*w = 12. What is the tens digit of (2/(-2))/(w/372 - 0)?
9
Suppose 2*t - 36 = 5*g + 5, -5*g = -t + 38. Let o = -5 - g. Suppose l = 3*l + q, -3*l + 14 = -o*q. What is the units digit of l?
2
Let i(p) = -1893*p - 102. What is the tens digit of i(-3)?
7
Let c = 109 + -121. What is the units digit of c/8 - (-1 - 46/4)?
1
Suppose 4*r + 10 = 2*v - 0*r, -2*v = -2*r - 6. Suppose -2*t - 526 = -4*k, 0 = -0*t - t + v. What is the tens digit of k?
3
Let k = 2555 - 1300. What is the units digit of k?
5
Let i(k) = -k**2 - 6*k + 4. Let r be i(-3). Let o be 18 - 0/1*(7 - 6). Let f = o + r. What is the units digit of f?
1
Let a = -55 - 61. Let w = a - -162. What is the tens digit of w?
4
Let o(l) = -4 - 8 - 4*l - 3*l. Suppose -2*u + 24 = -2*m + 2*u, -3*m = 5*u + 25. What is the tens digit of o(m)?
5
Suppose -t + 9 = 5*v, 5*t + 21 = 3*t + 3*v. What is the hundreds digit of (t/27 - 87/(-27)) + 109?
1
Let q(c) = c**3 + 12*c**2 - 13*c + 2. Let x = 36 - -51. Suppose -5*d - x + 22 = 0. What is the units digit of q(d)?
2
Let t(b) be the second derivative of b**5/20 - 2*b**4/3 + b**3/6 + 2*b**2 - 3*b. Let q = -281 - -289. What is the tens digit of t(q)?
1
Let j(v) be the first derivative of -v**4/4 - 4*v**3/3 + 3*v**2/2 + 6*v + 1. What is the units digit of j(-6)?
0
Suppose -5*p + p - 3*h = -119, -3*h = -3*p + 63. What is the units digit of -3*(p/(-3) + 3)?
7
Suppose -29 = -x - 4*u, -41 = -x - 5*u - 7. What is the tens digit of 64 - -9*(-3)/x?
6
Let h(p) = p**2 + 12. Let n be h(0). Suppose -44*w + n = -42*w. What is the units digit of w?
6
Let o(h) = -18*h + 89. What is the tens digit of o(-17)?
9
Let h(k) be the second derivative of -k**5/20 + 5*k**2/2 + 9*k. Suppose s + 0*s - 9 = 3*j, -12 = -2*s + 4*j. What i